{"id":124,"date":"2017-09-06T16:01:19","date_gmt":"2017-09-06T16:01:19","guid":{"rendered":"http:\/\/harspinceszet.hu\/boraszat\/?page_id=124"},"modified":"2021-03-17T20:51:16","modified_gmt":"2021-03-17T20:51:16","slug":"zold-veltelini","status":"publish","type":"page","link":"https:\/\/harspinceszet.hu\/boraszat\/zold-veltelini\/","title":{"rendered":"Z\u00f6ld Veltelini"},"content":{"rendered":"<p><span class=\"sectionwine\"><img decoding=\"async\" class=\"size-medium wp-image-853 alignleft\" src=\"https:\/\/harspinceszet.hu\/boraszat\/wp-content\/uploads\/2020\/02\/zv-78x300.png\" alt=\"\" width=\"78\" height=\"300\" srcset=\"https:\/\/harspinceszet.hu\/boraszat\/wp-content\/uploads\/2020\/02\/zv-78x300.png 78w, https:\/\/harspinceszet.hu\/boraszat\/wp-content\/uploads\/2020\/02\/zv-300x1158.png 300w, https:\/\/harspinceszet.hu\/boraszat\/wp-content\/uploads\/2020\/02\/zv-400x1544.png 400w, https:\/\/harspinceszet.hu\/boraszat\/wp-content\/uploads\/2020\/02\/zv-265x1024.png 265w, https:\/\/harspinceszet.hu\/boraszat\/wp-content\/uploads\/2020\/02\/zv-398x1536.png 398w, https:\/\/harspinceszet.hu\/boraszat\/wp-content\/uploads\/2020\/02\/zv.png 456w\" sizes=\"(max-width: 78px) 100vw, 78px\" \/><\/span><\/p>\n<p style=\"padding-left: 160px;\"><span class=\"sectionwine\">Szomsz\u00e9dunk, Ausztria f\u0151 feh\u00e9rsz\u0151l\u0151-fajt\u00e1ja, ahol a sz\u0151l\u0151term\u0151 ter\u00fcletek mindegy negyed\u00e9n termesztik ezt a fajt\u00e1t.<\/span><\/p>\n<p style=\"padding-left: 160px;\">Illata \u00fcde, fekete borsra \u00e9s ment\u00e1ra eml\u00e9keztet, illatos, zamatos, finom savakkal rendelkez\u0151 bort k\u00f3stolhatunk.<\/p>\n<p style=\"padding-left: 160px;\">A mindennapok k\u00f6nnyed itala.<\/p>\n<p>&nbsp;<\/p>\n","protected":false},"excerpt":{"rendered":"<p class=\"excerpt\">Szomsz\u00e9dunk, Ausztria f\u0151 feh\u00e9rsz\u0151l\u0151-fajt\u00e1ja, ahol a sz\u0151l\u0151term\u0151 ter\u00fcletek mindegy negyed\u00e9n termesztik ezt a fajt\u00e1t. Illata \u00fcde, fekete borsra \u00e9s ment\u00e1ra eml\u00e9keztet, illatos, zamatos, finom savakkal rendelkez\u0151 bort k\u00f3stolhatunk. A mindennapok k\u00f6nnyed itala. &nbsp;<\/p>\n","protected":false},"author":1,"featured_media":0,"parent":0,"menu_order":0,"comment_status":"closed","ping_status":"closed","template":"","meta":{"_monsterinsights_skip_tracking":false,"_monsterinsights_sitenote_active":false,"_monsterinsights_sitenote_note":"","_monsterinsights_sitenote_category":0,"footnotes":""},"class_list":["post-124","page","type-page","status-publish","hentry"],"_links":{"self":[{"href":"https:\/\/harspinceszet.hu\/boraszat\/wp-json\/wp\/v2\/pages\/124","targetHints":{"allow":["GET"]}}],"collection":[{"href":"https:\/\/harspinceszet.hu\/boraszat\/wp-json\/wp\/v2\/pages"}],"about":[{"href":"https:\/\/harspinceszet.hu\/boraszat\/wp-json\/wp\/v2\/types\/page"}],"author":[{"embeddable":true,"href":"https:\/\/harspinceszet.hu\/boraszat\/wp-json\/wp\/v2\/users\/1"}],"replies":[{"embeddable":true,"href":"https:\/\/harspinceszet.hu\/boraszat\/wp-json\/wp\/v2\/comments?post=124"}],"version-history":[{"count":3,"href":"https:\/\/harspinceszet.hu\/boraszat\/wp-json\/wp\/v2\/pages\/124\/revisions"}],"predecessor-version":[{"id":971,"href":"https:\/\/harspinceszet.hu\/boraszat\/wp-json\/wp\/v2\/pages\/124\/revisions\/971"}],"wp:attachment":[{"href":"https:\/\/harspinceszet.hu\/boraszat\/wp-json\/wp\/v2\/media?parent=124"}],"curies":[{"name":"wp","href":"https:\/\/api.w.org\/{rel}","templated":true}]}}