{"id":134,"date":"2017-09-06T16:03:24","date_gmt":"2017-09-06T16:03:24","guid":{"rendered":"http:\/\/harspinceszet.hu\/boraszat\/?page_id=134"},"modified":"2021-03-17T20:44:25","modified_gmt":"2021-03-17T20:44:25","slug":"szurkebarat","status":"publish","type":"page","link":"https:\/\/harspinceszet.hu\/boraszat\/szurkebarat\/","title":{"rendered":"Sz\u00fcrkebar\u00e1t"},"content":{"rendered":"<p><span class=\"sectionwine\">Ez a vil\u00e1gfajta saj\u00e1tos arc\u00e1t mutatja itt. \u00cdzei \u00e9s arom\u00e1i a sz\u00e1raz bor\u00e1ban mutatkoznak meg igaz\u00e1n, amelyben diszkr\u00e9t,gy\u00f3gyf\u00fcvekre \u00e9s friss alm\u00e1ra eml\u00e9keztet\u0151 \u00edz-komponensek jelennek meg, letisztult, harmonikus savakkal. <\/span><\/p>\n","protected":false},"excerpt":{"rendered":"<p class=\"excerpt\">Ez a vil\u00e1gfajta saj\u00e1tos arc\u00e1t mutatja itt. \u00cdzei \u00e9s arom\u00e1i a sz\u00e1raz bor\u00e1ban mutatkoznak meg igaz\u00e1n, amelyben diszkr\u00e9t,gy\u00f3gyf\u00fcvekre \u00e9s friss alm\u00e1ra eml\u00e9keztet\u0151 \u00edz-komponensek jelennek meg, letisztult, harmonikus savakkal.<\/p>\n","protected":false},"author":1,"featured_media":0,"parent":0,"menu_order":0,"comment_status":"closed","ping_status":"closed","template":"","meta":{"_monsterinsights_skip_tracking":false,"_monsterinsights_sitenote_active":false,"_monsterinsights_sitenote_note":"","_monsterinsights_sitenote_category":0,"footnotes":""},"class_list":["post-134","page","type-page","status-publish","hentry"],"_links":{"self":[{"href":"https:\/\/harspinceszet.hu\/boraszat\/wp-json\/wp\/v2\/pages\/134","targetHints":{"allow":["GET"]}}],"collection":[{"href":"https:\/\/harspinceszet.hu\/boraszat\/wp-json\/wp\/v2\/pages"}],"about":[{"href":"https:\/\/harspinceszet.hu\/boraszat\/wp-json\/wp\/v2\/types\/page"}],"author":[{"embeddable":true,"href":"https:\/\/harspinceszet.hu\/boraszat\/wp-json\/wp\/v2\/users\/1"}],"replies":[{"embeddable":true,"href":"https:\/\/harspinceszet.hu\/boraszat\/wp-json\/wp\/v2\/comments?post=134"}],"version-history":[{"count":3,"href":"https:\/\/harspinceszet.hu\/boraszat\/wp-json\/wp\/v2\/pages\/134\/revisions"}],"predecessor-version":[{"id":964,"href":"https:\/\/harspinceszet.hu\/boraszat\/wp-json\/wp\/v2\/pages\/134\/revisions\/964"}],"wp:attachment":[{"href":"https:\/\/harspinceszet.hu\/boraszat\/wp-json\/wp\/v2\/media?parent=134"}],"curies":[{"name":"wp","href":"https:\/\/api.w.org\/{rel}","templated":true}]}}