{"id":144,"date":"2017-09-06T16:05:13","date_gmt":"2017-09-06T16:05:13","guid":{"rendered":"http:\/\/harspinceszet.hu\/boraszat\/?page_id=144"},"modified":"2021-03-17T20:44:06","modified_gmt":"2021-03-17T20:44:06","slug":"sauvignon-blanc","status":"publish","type":"page","link":"https:\/\/harspinceszet.hu\/boraszat\/sauvignon-blanc\/","title":{"rendered":"Sauvignon Blanc"},"content":{"rendered":"<p><img decoding=\"async\" class=\"size-medium wp-image-866 alignleft\" src=\"https:\/\/harspinceszet.hu\/boraszat\/wp-content\/uploads\/2017\/09\/sb-78x300.png\" alt=\"\" width=\"78\" height=\"300\" srcset=\"https:\/\/harspinceszet.hu\/boraszat\/wp-content\/uploads\/2017\/09\/sb-78x300.png 78w, https:\/\/harspinceszet.hu\/boraszat\/wp-content\/uploads\/2017\/09\/sb-300x1158.png 300w, https:\/\/harspinceszet.hu\/boraszat\/wp-content\/uploads\/2017\/09\/sb-400x1544.png 400w, https:\/\/harspinceszet.hu\/boraszat\/wp-content\/uploads\/2017\/09\/sb-265x1024.png 265w, https:\/\/harspinceszet.hu\/boraszat\/wp-content\/uploads\/2017\/09\/sb-398x1536.png 398w, https:\/\/harspinceszet.hu\/boraszat\/wp-content\/uploads\/2017\/09\/sb.png 456w\" sizes=\"(max-width: 78px) 100vw, 78px\" \/><\/p>\n<p style=\"padding-left: 160px;\"><span class=\"sectionwine\">\u00a0A sauvignon blanc egy illatos feh\u00e9rsz\u0151l\u0151fajta, s a borvid\u00e9k lank\u00e1i remek felt\u00e9teleket k\u00edn\u00e1lnak , hogy ezek a ropog\u00f3s, z\u00f6ldgy\u00fcm\u00f6lcs\u00f6s arom\u00e1i kibontakozhassanak.<\/span><\/p>\n<p style=\"padding-left: 160px;\">K\u00f6nnyed, \u00e9l\u00e9nk sav\u00fa, friss\u00edt\u0151 jegyekkel rendelkez\u0151 bor, amely tal\u00e1n a legsokoldal\u00fabb \u00e9telk\u00eds\u00e9r\u0151 a feh\u00e9rborok k\u00f6z\u00f6tt.<\/p>\n<p style=\"padding-left: 160px;\"><img decoding=\"async\" class=\"tropy\" src=\"http:\/\/www.harspinceszet.hu\/uj\/icons\/trophy-27824_640.png\" alt=\"\" width=\"30\" height=\"30\" \/>Luca-Napi Var\u00e1zslatok 2003 P\u00e9cs | Luca v\u00e9re \/Legjobb \u00daj Bor\/<\/p>\n<p style=\"padding-left: 160px;\">\n","protected":false},"excerpt":{"rendered":"<p class=\"excerpt\">\u00a0A sauvignon blanc egy illatos feh\u00e9rsz\u0151l\u0151fajta, s a borvid\u00e9k lank\u00e1i remek felt\u00e9teleket k\u00edn\u00e1lnak , hogy ezek a ropog\u00f3s, z\u00f6ldgy\u00fcm\u00f6lcs\u00f6s arom\u00e1i kibontakozhassanak. K\u00f6nnyed, \u00e9l\u00e9nk sav\u00fa, friss\u00edt\u0151 jegyekkel rendelkez\u0151 bor, amely tal\u00e1n a legsokoldal\u00fabb \u00e9telk\u00eds\u00e9r\u0151 a feh\u00e9rborok k\u00f6z\u00f6tt. Luca-Napi Var\u00e1zslatok 2003 P\u00e9cs | Luca v\u00e9re \/Legjobb \u00daj Bor\/<\/p>\n","protected":false},"author":1,"featured_media":0,"parent":0,"menu_order":0,"comment_status":"closed","ping_status":"closed","template":"","meta":{"_monsterinsights_skip_tracking":false,"_monsterinsights_sitenote_active":false,"_monsterinsights_sitenote_note":"","_monsterinsights_sitenote_category":0,"footnotes":""},"class_list":["post-144","page","type-page","status-publish","hentry"],"_links":{"self":[{"href":"https:\/\/harspinceszet.hu\/boraszat\/wp-json\/wp\/v2\/pages\/144","targetHints":{"allow":["GET"]}}],"collection":[{"href":"https:\/\/harspinceszet.hu\/boraszat\/wp-json\/wp\/v2\/pages"}],"about":[{"href":"https:\/\/harspinceszet.hu\/boraszat\/wp-json\/wp\/v2\/types\/page"}],"author":[{"embeddable":true,"href":"https:\/\/harspinceszet.hu\/boraszat\/wp-json\/wp\/v2\/users\/1"}],"replies":[{"embeddable":true,"href":"https:\/\/harspinceszet.hu\/boraszat\/wp-json\/wp\/v2\/comments?post=144"}],"version-history":[{"count":4,"href":"https:\/\/harspinceszet.hu\/boraszat\/wp-json\/wp\/v2\/pages\/144\/revisions"}],"predecessor-version":[{"id":963,"href":"https:\/\/harspinceszet.hu\/boraszat\/wp-json\/wp\/v2\/pages\/144\/revisions\/963"}],"wp:attachment":[{"href":"https:\/\/harspinceszet.hu\/boraszat\/wp-json\/wp\/v2\/media?parent=144"}],"curies":[{"name":"wp","href":"https:\/\/api.w.org\/{rel}","templated":true}]}}