{"id":146,"date":"2017-09-06T16:05:32","date_gmt":"2017-09-06T16:05:32","guid":{"rendered":"http:\/\/harspinceszet.hu\/boraszat\/?page_id=146"},"modified":"2021-03-17T20:28:06","modified_gmt":"2021-03-17T20:28:06","slug":"harslevelu","status":"publish","type":"page","link":"https:\/\/harspinceszet.hu\/boraszat\/harslevelu\/","title":{"rendered":"H\u00e1rslevel\u0171"},"content":{"rendered":"<p><img decoding=\"async\" class=\"size-medium wp-image-945 alignleft\" src=\"https:\/\/harspinceszet.hu\/boraszat\/wp-content\/uploads\/2021\/03\/hle-99x300.png\" alt=\"\" width=\"99\" height=\"300\" srcset=\"https:\/\/harspinceszet.hu\/boraszat\/wp-content\/uploads\/2021\/03\/hle-99x300.png 99w, https:\/\/harspinceszet.hu\/boraszat\/wp-content\/uploads\/2021\/03\/hle.png 175w\" sizes=\"(max-width: 99px) 100vw, 99px\" \/><\/p>\n<p style=\"padding-left: 160px;\"><span class=\"sectionwine\">K\u00e1rp\u00e1t-medence egyik \u0151shonos sz\u0151l\u0151fajt\u00e1ja, amely f\u0151k\u00e9nt Tokajhegyalj\u00e1n, a p\u00e9csi \u00e9s a vill\u00e1ny-sikl\u00f3si borvid\u00e9ken van otthon. A h\u00e1rslevel\u0171 nem elterjedt fajta, pedig adotts\u00e1gai alapj\u00e1n ak\u00e1r a magyar borok egyik z\u00e1szl\u00f3shaj\u00f3ja is lehetne, k\u00f6sz\u00f6nhet\u0151en a m\u00e9zes \u00e9dess\u00e9g, telt zamatok, finom savak harm\u00f3ni\u00e1j\u00e1nak.<\/span><\/p>\n<p style=\"padding-left: 160px;\">\u00cdz- \u00e9s illatgazdag, de illata k\u00f6nny\u0171, nem muskot\u00e1lyos vagy parf\u00fcm\u00f6s, ink\u00e1bb h\u00e1rsm\u00e9zre utal. Emellett szel\u00eddgesztenye, vir\u00e1gpor \u00e9s szegf\u0171 fedezhet\u0151 fel benne. \u00cdzben enyh\u00e9n f\u0171szeres, savai eleg\u00e1nsabbak, mint a furmint\u00e9, fanyar ut\u00f3\u00edzzel b\u00edr.<\/p>\n<p style=\"padding-left: 160px;\"><span class=\"sectionwine\"><img decoding=\"async\" class=\"tropy\" src=\"http:\/\/www.harspinceszet.hu\/uj\/icons\/trophy-27824_640.png\" alt=\"\" width=\"30\" height=\"30\" \/>Negyedi IV. Nemzetk\u00f6zi Borverseny 2012 | H\u00e1rslevel\u0171 2011 | 3. helyezett<\/span><\/p>\n","protected":false},"excerpt":{"rendered":"<p class=\"excerpt\">K\u00e1rp\u00e1t-medence egyik \u0151shonos sz\u0151l\u0151fajt\u00e1ja, amely f\u0151k\u00e9nt Tokajhegyalj\u00e1n, a p\u00e9csi \u00e9s a vill\u00e1ny-sikl\u00f3si borvid\u00e9ken van otthon. A h\u00e1rslevel\u0171 nem elterjedt fajta, pedig adotts\u00e1gai alapj\u00e1n ak\u00e1r a magyar borok egyik z\u00e1szl\u00f3shaj\u00f3ja is lehetne, k\u00f6sz\u00f6nhet\u0151en a m\u00e9zes \u00e9dess\u00e9g, telt zamatok, finom savak harm\u00f3ni\u00e1j\u00e1nak. \u00cdz- \u00e9s illatgazdag, de illata k\u00f6nny\u0171, nem muskot\u00e1lyos vagy parf\u00fcm\u00f6s, ink\u00e1bb h\u00e1rsm\u00e9zre utal. Emellett szel\u00eddgesztenye, [&hellip;]<\/p>\n","protected":false},"author":1,"featured_media":0,"parent":0,"menu_order":0,"comment_status":"closed","ping_status":"closed","template":"","meta":{"_monsterinsights_skip_tracking":false,"_monsterinsights_sitenote_active":false,"_monsterinsights_sitenote_note":"","_monsterinsights_sitenote_category":0,"footnotes":""},"class_list":["post-146","page","type-page","status-publish","hentry"],"_links":{"self":[{"href":"https:\/\/harspinceszet.hu\/boraszat\/wp-json\/wp\/v2\/pages\/146","targetHints":{"allow":["GET"]}}],"collection":[{"href":"https:\/\/harspinceszet.hu\/boraszat\/wp-json\/wp\/v2\/pages"}],"about":[{"href":"https:\/\/harspinceszet.hu\/boraszat\/wp-json\/wp\/v2\/types\/page"}],"author":[{"embeddable":true,"href":"https:\/\/harspinceszet.hu\/boraszat\/wp-json\/wp\/v2\/users\/1"}],"replies":[{"embeddable":true,"href":"https:\/\/harspinceszet.hu\/boraszat\/wp-json\/wp\/v2\/comments?post=146"}],"version-history":[{"count":4,"href":"https:\/\/harspinceszet.hu\/boraszat\/wp-json\/wp\/v2\/pages\/146\/revisions"}],"predecessor-version":[{"id":946,"href":"https:\/\/harspinceszet.hu\/boraszat\/wp-json\/wp\/v2\/pages\/146\/revisions\/946"}],"wp:attachment":[{"href":"https:\/\/harspinceszet.hu\/boraszat\/wp-json\/wp\/v2\/media?parent=146"}],"curies":[{"name":"wp","href":"https:\/\/api.w.org\/{rel}","templated":true}]}}