{"id":162,"date":"2017-09-06T16:08:35","date_gmt":"2017-09-06T16:08:35","guid":{"rendered":"http:\/\/harspinceszet.hu\/boraszat\/?page_id=162"},"modified":"2021-03-17T20:41:58","modified_gmt":"2021-03-17T20:41:58","slug":"portugieser","status":"publish","type":"page","link":"https:\/\/harspinceszet.hu\/boraszat\/portugieser\/","title":{"rendered":"Portugieser"},"content":{"rendered":"<p><span class=\"sectionwine\"><img decoding=\"async\" class=\"size-medium wp-image-855 alignleft\" src=\"https:\/\/harspinceszet.hu\/boraszat\/wp-content\/uploads\/2020\/02\/port-78x300.png\" alt=\"\" width=\"78\" height=\"300\" srcset=\"https:\/\/harspinceszet.hu\/boraszat\/wp-content\/uploads\/2020\/02\/port-78x300.png 78w, https:\/\/harspinceszet.hu\/boraszat\/wp-content\/uploads\/2020\/02\/port-300x1158.png 300w, https:\/\/harspinceszet.hu\/boraszat\/wp-content\/uploads\/2020\/02\/port-400x1544.png 400w, https:\/\/harspinceszet.hu\/boraszat\/wp-content\/uploads\/2020\/02\/port-265x1024.png 265w, https:\/\/harspinceszet.hu\/boraszat\/wp-content\/uploads\/2020\/02\/port-398x1536.png 398w, https:\/\/harspinceszet.hu\/boraszat\/wp-content\/uploads\/2020\/02\/port.png 456w\" sizes=\"(max-width: 78px) 100vw, 78px\" \/> <\/span><\/p>\n<p style=\"padding-left: 160px;\"><span class=\"sectionwine\">A k\u00e9koport\u00f3 az egyik legelterjedtebb v\u00f6r\u00f6sbort ad\u00f3 sz\u0151l\u0151fajta a vid\u00e9k\u00fcnk\u00f6n, melyet az idetelep\u00fcl\u0151 n\u00e9met lakoss\u00e1g hozott mag\u00e1val. Ez a kor\u00e1n \u00e9r\u0151 sz\u0151l\u0151 a napf\u00e9nyben f\u00fcrd\u0151, gazdag talaj\u00fa term\u0151helyen j\u00f3 min\u0151s\u00e9g\u0171 term\u00e9st ad.<\/span><\/p>\n<p style=\"padding-left: 160px;\">Selymesen l\u00e1gy karakter\u0171 bora, nagy csersavtartalm\u00fa, m\u00e9lyv\u00f6r\u00f6s sz\u00edn\u0171, gyorsan fejl\u0151d\u0151, amely pirosgy\u00fcm\u00f6lcs\u00f6s,iboly\u00e1s, f\u0171szeres \u00edzvil\u00e1ggal, l\u00e1gy tanninokkal kedvez.<\/p>\n<p style=\"padding-left: 160px;\">A mindennapok v\u00f6r\u00f6sbora, s ahogy az \u00e9tkez\u00e9si szok\u00e1sok egyre ink\u00e1bb a k\u00f6nny\u0171 \u00e9telek ir\u00e1ny\u00e1ba mutatnak, \u00fagy ez a bor is egyre n\u00e9pszer\u0171bb\u00e9 v\u00e1lik.<\/p>\n<p style=\"padding-left: 160px;\">\n","protected":false},"excerpt":{"rendered":"<p class=\"excerpt\">A k\u00e9koport\u00f3 az egyik legelterjedtebb v\u00f6r\u00f6sbort ad\u00f3 sz\u0151l\u0151fajta a vid\u00e9k\u00fcnk\u00f6n, melyet az idetelep\u00fcl\u0151 n\u00e9met lakoss\u00e1g hozott mag\u00e1val. Ez a kor\u00e1n \u00e9r\u0151 sz\u0151l\u0151 a napf\u00e9nyben f\u00fcrd\u0151, gazdag talaj\u00fa term\u0151helyen j\u00f3 min\u0151s\u00e9g\u0171 term\u00e9st ad. Selymesen l\u00e1gy karakter\u0171 bora, nagy csersavtartalm\u00fa, m\u00e9lyv\u00f6r\u00f6s sz\u00edn\u0171, gyorsan fejl\u0151d\u0151, amely pirosgy\u00fcm\u00f6lcs\u00f6s,iboly\u00e1s, f\u0171szeres \u00edzvil\u00e1ggal, l\u00e1gy tanninokkal kedvez. A mindennapok v\u00f6r\u00f6sbora, s ahogy az [&hellip;]<\/p>\n","protected":false},"author":1,"featured_media":0,"parent":0,"menu_order":0,"comment_status":"closed","ping_status":"closed","template":"","meta":{"_monsterinsights_skip_tracking":false,"_monsterinsights_sitenote_active":false,"_monsterinsights_sitenote_note":"","_monsterinsights_sitenote_category":0,"footnotes":""},"class_list":["post-162","page","type-page","status-publish","hentry"],"_links":{"self":[{"href":"https:\/\/harspinceszet.hu\/boraszat\/wp-json\/wp\/v2\/pages\/162","targetHints":{"allow":["GET"]}}],"collection":[{"href":"https:\/\/harspinceszet.hu\/boraszat\/wp-json\/wp\/v2\/pages"}],"about":[{"href":"https:\/\/harspinceszet.hu\/boraszat\/wp-json\/wp\/v2\/types\/page"}],"author":[{"embeddable":true,"href":"https:\/\/harspinceszet.hu\/boraszat\/wp-json\/wp\/v2\/users\/1"}],"replies":[{"embeddable":true,"href":"https:\/\/harspinceszet.hu\/boraszat\/wp-json\/wp\/v2\/comments?post=162"}],"version-history":[{"count":3,"href":"https:\/\/harspinceszet.hu\/boraszat\/wp-json\/wp\/v2\/pages\/162\/revisions"}],"predecessor-version":[{"id":959,"href":"https:\/\/harspinceszet.hu\/boraszat\/wp-json\/wp\/v2\/pages\/162\/revisions\/959"}],"wp:attachment":[{"href":"https:\/\/harspinceszet.hu\/boraszat\/wp-json\/wp\/v2\/media?parent=162"}],"curies":[{"name":"wp","href":"https:\/\/api.w.org\/{rel}","templated":true}]}}