{"id":21,"date":"2017-09-05T16:27:32","date_gmt":"2017-09-05T16:27:32","guid":{"rendered":"http:\/\/harspinceszet.hu\/boraszat\/?page_id=21"},"modified":"2021-04-15T12:14:08","modified_gmt":"2021-04-15T12:14:08","slug":"kapcsolat","status":"publish","type":"page","link":"https:\/\/harspinceszet.hu\/boraszat\/kapcsolat\/","title":{"rendered":"Kapcsolat"},"content":{"rendered":"<h3 align=\"center\">A pinc\u00e9ben vagyunk:<\/h3>\n<p align=\"center\">H\u00e9tf\u0151t\u0151l p\u00e9ntekig:<br \/>\n7:30-12:00<br \/>\n12:30-16:00<\/p>\n<p align=\"center\">El\u0151zetes egyeztet\u00e9s eset\u00e9n egy\u00e9b id\u0151pontokban is fogadunk vend\u00e9geket.<\/p>\n<h3 align=\"center\">C\u00edm:<\/h3>\n<p align=\"center\">H\u00e1rs Csal\u00e1di Biopinc\u00e9szet<br \/>\n<a href=\"https:\/\/www.google.hu\/maps\/place\/H%C3%A1rs+Pinc%C3%A9szet+Kft.\/@45.9971199,18.5318635,17z\/data=%214m2%213m1%211s0x0:0x20464fedba07a242\" target=\"_blank\" rel=\"noopener\"><i class=\"fa fa-home\"><\/i> 7753 Szajk, Pincesor 472.<\/a><br \/>\n<i class=\"fa fa-location-arrow\"><\/i> GPS koordin\u00e1t\u00e1k: N: 45.99775, 18.53263<\/p>\n<h3 align=\"center\">Telefon:<\/h3>\n<p align=\"center\"><i class=\"fa fa-phone\"><\/i> Pr\u00e9sh\u00e1z:+36 69\/361-239<\/p>\n<p align=\"center\">+36 70\/4080466<\/p>\n<p align=\"center\"><a href=\"mailto:kapcsolat@harspinceszet.hu\"><i class=\"fa fa-envelope-o\"><\/i> kapcsolat(at)harspinceszet(dot)hu<\/a><\/p>\n<p align=\"center\">\n<p>&nbsp;<\/p>\n<p>&nbsp;<\/p>\n<p>&nbsp;<\/p>\n<p>&nbsp;<\/p>\n<p>\u00dczenj nek\u00fcnk azonnal:<\/p>\n\n<div class=\"wpcf7 no-js\" id=\"wpcf7-f359-o1\" lang=\"hu-HU\" dir=\"ltr\" data-wpcf7-id=\"359\">\n<div class=\"screen-reader-response\"><p role=\"status\" aria-live=\"polite\" aria-atomic=\"true\"><\/p> <ul><\/ul><\/div>\n<form action=\"\/boraszat\/wp-json\/wp\/v2\/pages\/21#wpcf7-f359-o1\" method=\"post\" class=\"wpcf7-form init\" aria-label=\"Kapcsolatfelv\u00e9teli \u0171rlap\" novalidate=\"novalidate\" data-status=\"init\">\n<fieldset class=\"hidden-fields-container\"><input type=\"hidden\" name=\"_wpcf7\" value=\"359\" \/><input type=\"hidden\" name=\"_wpcf7_version\" value=\"6.1.5\" \/><input type=\"hidden\" name=\"_wpcf7_locale\" value=\"hu_HU\" \/><input type=\"hidden\" name=\"_wpcf7_unit_tag\" value=\"wpcf7-f359-o1\" \/><input type=\"hidden\" name=\"_wpcf7_container_post\" value=\"0\" \/><input type=\"hidden\" name=\"_wpcf7_posted_data_hash\" value=\"\" \/><input type=\"hidden\" name=\"_wpcf7_recaptcha_response\" value=\"\" \/>\n<\/fieldset>\n<p><span class=\"wpcf7-form-control-wrap\" data-name=\"your-name\"><input size=\"40\" maxlength=\"400\" class=\"wpcf7-form-control wpcf7-text wpcf7-validates-as-required\" aria-required=\"true\" aria-invalid=\"false\" placeholder=\"N\u00e9v (k\u00f6telez\u0151)\" value=\"\" type=\"text\" name=\"your-name\" \/><\/span>\n<\/p>\n<p><span class=\"wpcf7-form-control-wrap\" data-name=\"your-email\"><input size=\"40\" maxlength=\"400\" class=\"wpcf7-form-control wpcf7-email wpcf7-validates-as-required wpcf7-text wpcf7-validates-as-email\" aria-required=\"true\" aria-invalid=\"false\" placeholder=\"Email c\u00edm (k\u00f6telez\u0151)\" value=\"\" type=\"email\" name=\"your-email\" \/><\/span>\n<\/p>\n<p><span class=\"wpcf7-form-control-wrap\" data-name=\"your-subject\"><input size=\"40\" maxlength=\"400\" class=\"wpcf7-form-control wpcf7-text\" aria-invalid=\"false\" placeholder=\"\u00dczenet t\u00e1rgya\" value=\"\" type=\"text\" name=\"your-subject\" \/><\/span>\n<\/p>\n<p><span class=\"wpcf7-form-control-wrap\" data-name=\"your-message\"><textarea cols=\"40\" rows=\"10\" maxlength=\"2000\" class=\"wpcf7-form-control wpcf7-textarea\" aria-invalid=\"false\" placeholder=\"\u00dczenet\" name=\"your-message\"><\/textarea><\/span>\n<\/p>\n<p>\n\n<\/p>\n<p><input class=\"wpcf7-form-control wpcf7-submit has-spinner\" type=\"submit\" value=\"K\u00fcld\u00e9s\" \/>\n<\/p><p style=\"display: none !important;\" class=\"akismet-fields-container\" data-prefix=\"_wpcf7_ak_\"><label>&#916;<textarea name=\"_wpcf7_ak_hp_textarea\" cols=\"45\" rows=\"8\" maxlength=\"100\"><\/textarea><\/label><input type=\"hidden\" id=\"ak_js_1\" name=\"_wpcf7_ak_js\" value=\"87\"\/><script>document.getElementById( \"ak_js_1\" ).setAttribute( \"value\", ( new Date() ).getTime() );<\/script><\/p><div class=\"wpcf7-response-output\" aria-hidden=\"true\"><\/div>\n<\/form>\n<\/div>\n\n<p style=\"text-align: center;\">Itt is tal\u00e1lkozhatsz vel\u00fcnk:<br \/>\nGlut\u00e9nmentes, veg\u00e1n z\u00f6lds\u00e9ges fas\u00edrt <a href=\"http:\/\/www.zoldsegfasirt.hu\">www.zoldsegfasirt.hu<\/a><br \/>\nT\u00f6nk\u00f6ly, bio, glut\u00e9nmentes B\u00fazaf\u0171l\u00e9 <a href=\"http:\/\/www.biobuzafule.hu\">www.biobuzafule.hu<\/a><br \/>\nVeget\u00e1ri\u00e1nus, veg\u00e1n, mentes men\u00fc <a href=\"http:\/\/www.vegazo.hu\">www.vegazo.hu<\/a><br \/>\nCsSzBS <a href=\"http:\/\/www.harspeter.hu\">www.harspeter.hu<\/a><\/p>\n","protected":false},"excerpt":{"rendered":"<p class=\"excerpt\">A pinc\u00e9ben vagyunk: H\u00e9tf\u0151t\u0151l p\u00e9ntekig: 7:30-12:00 12:30-16:00 El\u0151zetes egyeztet\u00e9s eset\u00e9n egy\u00e9b id\u0151pontokban is fogadunk vend\u00e9geket. C\u00edm: H\u00e1rs Csal\u00e1di Biopinc\u00e9szet 7753 Szajk, Pincesor 472. GPS koordin\u00e1t\u00e1k: N: 45.99775, 18.53263 Telefon: Pr\u00e9sh\u00e1z:+36 69\/361-239 +36 70\/4080466 kapcsolat(at)harspinceszet(dot)hu &nbsp; &nbsp; &nbsp; &nbsp; \u00dczenj nek\u00fcnk azonnal: Itt is tal\u00e1lkozhatsz vel\u00fcnk: Glut\u00e9nmentes, veg\u00e1n z\u00f6lds\u00e9ges fas\u00edrt www.zoldsegfasirt.hu T\u00f6nk\u00f6ly, bio, glut\u00e9nmentes B\u00fazaf\u0171l\u00e9 www.biobuzafule.hu [&hellip;]<\/p>\n","protected":false},"author":1,"featured_media":0,"parent":0,"menu_order":0,"comment_status":"closed","ping_status":"closed","template":"","meta":{"_monsterinsights_skip_tracking":false,"_monsterinsights_sitenote_active":false,"_monsterinsights_sitenote_note":"","_monsterinsights_sitenote_category":0,"footnotes":""},"class_list":["post-21","page","type-page","status-publish","hentry"],"_links":{"self":[{"href":"https:\/\/harspinceszet.hu\/boraszat\/wp-json\/wp\/v2\/pages\/21","targetHints":{"allow":["GET"]}}],"collection":[{"href":"https:\/\/harspinceszet.hu\/boraszat\/wp-json\/wp\/v2\/pages"}],"about":[{"href":"https:\/\/harspinceszet.hu\/boraszat\/wp-json\/wp\/v2\/types\/page"}],"author":[{"embeddable":true,"href":"https:\/\/harspinceszet.hu\/boraszat\/wp-json\/wp\/v2\/users\/1"}],"replies":[{"embeddable":true,"href":"https:\/\/harspinceszet.hu\/boraszat\/wp-json\/wp\/v2\/comments?post=21"}],"version-history":[{"count":12,"href":"https:\/\/harspinceszet.hu\/boraszat\/wp-json\/wp\/v2\/pages\/21\/revisions"}],"predecessor-version":[{"id":1016,"href":"https:\/\/harspinceszet.hu\/boraszat\/wp-json\/wp\/v2\/pages\/21\/revisions\/1016"}],"wp:attachment":[{"href":"https:\/\/harspinceszet.hu\/boraszat\/wp-json\/wp\/v2\/media?parent=21"}],"curies":[{"name":"wp","href":"https:\/\/api.w.org\/{rel}","templated":true}]}}