{"id":308,"date":"2017-09-06T21:05:43","date_gmt":"2017-09-06T21:05:43","guid":{"rendered":"http:\/\/harspinceszet.hu\/boraszat\/?page_id=308"},"modified":"2018-11-25T14:48:07","modified_gmt":"2018-11-25T14:48:07","slug":"segitseg","status":"publish","type":"page","link":"https:\/\/harspinceszet.hu\/boraszat\/segitseg\/","title":{"rendered":"Seg\u00edts\u00e9g"},"content":{"rendered":"<h1 title=\"Seg\u00edts\u00e9g a web\u00e1ruh\u00e1zhoz\">Seg\u00edts\u00e9g a web\u00e1ruh\u00e1zban t\u00f6rt\u00e9n\u0151 v\u00e1s\u00e1rl\u00e1shoz<\/h1>\n<p><strong>A v\u00e1s\u00e1rl\u00e1s folyamata<\/strong><\/p>\n<p>A Term\u00e9k kiv\u00e1laszt\u00e1sa<\/p>\n<p>A honlapon a Web\u00e1ruh\u00e1z vagy Web\u00e1ruh\u00e1z&gt;V\u00e1s\u00e1rl\u00e1s men\u00fcpontra kattintva tal\u00e1lja a term\u00e9keket, majd az ott szerepl\u0151 egyes term\u00e9kekre kattintva tal\u00e1lja a term\u00e9k fot\u00f3j\u00e1t, ismertet\u0151j\u00e9t, \u00e1r\u00e1t. \u00d6nnek v\u00e1s\u00e1rl\u00e1s eset\u00e9n a honlapon szerepl\u0151 \u00e1rat kell megfizetnie. A term\u00e9keket helyenk\u00e9nt illusztr\u00e1lt f\u00e9nyk\u00e9ppel jel\u00f6lt\u00fck. Felh\u00edvjuk figyelm\u00e9t, hogy az esetleges el\u00edr\u00e1sok\u00e9rt, t\u00e9ves adatok\u00e9rt felel\u0151ss\u00e9get nem v\u00e1llalunk!<\/p>\n<p>Kos\u00e1rba helyez\u00e9s<\/p>\n<p>A Term\u00e9k kiv\u00e1laszt\u00e1sa ut\u00e1n \u00d6n a &#8222;Kos\u00e1rba rakom&#8221; gombra kattintva helyezhet &#8211; tetsz\u0151leges sz\u00e1m\u00fa &#8211;\u00a0 term\u00e9ket a kos\u00e1rba an\u00e9lk\u00fcl, hogy ezzel \u00d6nnek v\u00e1s\u00e1rl\u00e1si- vagy fizet\u00e9si k\u00f6telezetts\u00e9ge keletkezne, mivel a kos\u00e1rba helyez\u00e9s nem min\u0151s\u00fcl aj\u00e1nlatt\u00e9telnek.<\/p>\n<p>Javasoljuk, hogy akkor is helyezze a kos\u00e1rba a term\u00e9ket, ha nem biztos abban, hogy az adott term\u00e9ket meg k\u00edv\u00e1nja v\u00e1s\u00e1rolni, mert ezzel az \u00d6n sz\u00e1m\u00e1ra egy kattint\u00e1ssal \u00e1ttekinthet\u0151v\u00e9 v\u00e1lik, hogy az adott pillanatban melyek az \u00d6n \u00e1ltal kiv\u00e1lasztott term\u00e9kek, \u00e9s azokat egy k\u00e9perny\u0151n megjelen\u00edtve tudja megtekinteni \u00e9s \u00f6sszehasonl\u00edtani. A Kos\u00e1r tartalma a megrendel\u00e9s v\u00e9gleges\u00edt\u00e9s\u00e9ig \u2013 a &#8222;Megrendel\u00e9s elk\u00fcld\u00e9se&#8221; gomb megnyom\u00e1s\u00e1ig \u2013 t\u00f6bbek k\u00f6z\u00f6tt a Web\u00e1ruh\u00e1z&gt;Kos\u00e1r men\u00fcpont alatt szabadon m\u00f3dos\u00edthat\u00f3, a kos\u00e1rb\u00f3l tetsz\u00e9s szerinti term\u00e9kek elt\u00e1vol\u00edthat\u00f3ak, a kos\u00e1rba tetsz\u00e9s szerint \u00fajabb term\u00e9kek helyezhet\u0151ek, illetve a k\u00edv\u00e1n term\u00e9ksz\u00e1m megv\u00e1ltoztathat\u00f3.<\/p>\n<p>Amennyiben \u00d6n a kiv\u00e1lasztott term\u00e9ket a Kos\u00e1rba helyezi, \u00fagy k\u00fcl\u00f6n gomb ugrik fel a kos\u00e1r vagy a \u201e\u2026 kos\u00e1rba helyezve\u201d sz\u00f6veggel \u00e9s egy a kos\u00e1rba mutat\u00f3 hivatkoz\u00e1ssal. Amennyiben \u00d6n nem k\u00edv\u00e1n t\u00f6bb term\u00e9ket kiv\u00e1lasztani, \u00fagy kattintson a \u201eKos\u00e1r\u201d gombra vagy a Web\u00e1ruh\u00e1z&gt;Kos\u00e1r men\u00fcpontra! Amennyiben a kiv\u00e1lasztott term\u00e9ket szeretn\u00e9 ism\u00e9t megn\u00e9zni, vagy \u00fajabb term\u00e9ket szeretne a kos\u00e1rba helyezni, \u00fagy kattintson a term\u00e9kre vagy folytassa a v\u00e1s\u00e1rl\u00e1st!<\/p>\n<p>A Kos\u00e1r megtekint\u00e9se<\/p>\n<p>A honlap haszn\u00e1lata sor\u00e1n \u00d6n a honlap tetej\u00e9n tal\u00e1lhat\u00f3 Web\u00e1ruh\u00e1z&gt;Kos\u00e1r men\u00fcpontra kattintva b\u00e1rmikor ellen\u0151rizheti a kos\u00e1r tartalm\u00e1t. Itt lehet\u0151s\u00e9ge van a kiv\u00e1lasztott term\u00e9keket elt\u00e1vol\u00edtani a kos\u00e1rb\u00f3l, illetve a term\u00e9k darabsz\u00e1m\u00e1t megv\u00e1ltoztatni. A rendszer a \u201eKos\u00e1r friss\u00edt\u00e9se\u201d gomb megnyom\u00e1s\u00e1t k\u00f6vet\u0151en megjelen\u00edti az \u00d6n \u00e1ltal megv\u00e1ltoztatott adatoknak megfelel\u0151 inform\u00e1ci\u00f3kat, ide\u00e9rtve a kos\u00e1rba tett term\u00e9kek \u00e1r\u00e1t is.<br \/>\nAmennyiben \u00d6n nem k\u00edv\u00e1n tov\u00e1bbi term\u00e9keket kiv\u00e1lasztani \u00e9s a kos\u00e1rba helyezni, \u00fagy a \u201eTov\u00e1bb a P\u00e9nzt\u00e1rhoz\u201d gomb lenyom\u00e1s\u00e1val, vagy a Web\u00e1ruh\u00e1z&gt;P\u00e9nzt\u00e1r men\u00fcpontra kattintva folytathatja a v\u00e1s\u00e1rl\u00e1st.<\/p>\n<p>V\u00e1s\u00e1rl\u00f3i adatok megad\u00e1sa<\/p>\n<p>\u201eP\u00e9nzt\u00e1r\u201d gomb lenyom\u00e1s\u00e1t k\u00f6vet\u0151en megjelenik a kos\u00e1r tartalma, illetve az \u00d6n \u00e1ltal kiv\u00e1lasztott term\u00e9kek megv\u00e1s\u00e1rl\u00e1sa eset\u00e9n az \u00d6n \u00e1ltal fizetend\u0151 teljes v\u00e9tel\u00e1r. A \u201eSz\u00e1ll\u00edt\u00e1s\u201d dobozban kell bejel\u00f6lnie, hogy milyen m\u00f3don k\u00edv\u00e1n hozz\u00e1jutni a term\u00e9khez (jellemz\u0151en: szem\u00e9lyes \u00e1tv\u00e9tel vagy csomag).\u00a0Csomag v\u00e1laszt\u00e1sa eset\u00e9n kisz\u00e1ll\u00edt\u00e1s t\u00f6rt\u00e9nik, \u00e9s a rendszer jelzi a kisz\u00e1ll\u00edt\u00e1s d\u00edj\u00e1t, melyet \u00d6n k\u00f6teles megfizetni megrendel\u00e9s eset\u00e9n.<\/p>\n<p>A \u201eSz\u00e1ml\u00e1z\u00e1si adatok\u201d sz\u00f6vegdobozban teljes nev\u00e9t, c\u00e9gnev\u00e9t (opcion\u00e1lis), (sz\u00e1ml\u00e1z\u00e1si) c\u00edm\u00e9t, telefonsz\u00e1m\u00e1t, e-mail c\u00edm\u00e9t, ad\u00f3sz\u00e1m\u00e1t (opcion\u00e1lis) tudja megadni, \u00a0a \u201dSz\u00e1ll\u00edt\u00e1s m\u00e1sik c\u00edmre\u201d n\u00e9gyzet kipip\u00e1l\u00e1s\u00e1val pedig az el\u0151bbi (jellemz\u0151en sz\u00e1ml\u00e1z\u00e1si) adatokt\u00f3l elt\u00e9r\u0151 sz\u00e1ll\u00edt\u00e1si adatokat ha m\u00e1s helyre k\u00e9ri a sz\u00e1ml\u00e1t \u00e9s a csomagot. Amennyiben \u00d6n nem elt\u00e9r\u0151 c\u00edmre k\u00e9ri a sz\u00e1ll\u00edt\u00e1st, k\u00e9rj\u00fck t\u00e1vol\u00edtsa el a pip\u00e1t. Egy\u00fattal itt van lehet\u0151s\u00e9ge a regisztr\u00e1ci\u00f3ra is \u201eFi\u00f3k l\u00e9trehoz\u00e1sa\u201d kipip\u00e1l\u00e1s\u00e1val majd jelszav\u00e1nak megad\u00e1s\u00e1val, \u00edgy a k\u00e9s\u0151bbiekben nem kell \u00fajra megadnia adatait. A \u201eRendel\u00e9s jegyzetek\u201d sz\u00f6vegdobozban\u201d \u00d6n tetsz\u0151legesen adhat meg tov\u00e1bbi inform\u00e1ci\u00f3t, megjegyz\u00e9seket.<br \/>\nHa kor\u00e1bban m\u00e1r regisztr\u00e1lt, a Web\u00e1ruh\u00e1z&gt;A fi\u00f3kom men\u00fcpont alatt vagy a P\u00e9nzt\u00e1r oldalon a \u201eKattints ide a bejelentkez\u00e9shez\u201d hivatkoz\u00e1sra kattintva a \u201eBejelentkez\u00e9s\u201d sz\u00f6vegdobozban Felhaszn\u00e1l\u00f3 n\u00e9v vagy e-mail c\u00edm\u00e9t, \u00e9s jelszav\u00e1t megadva bel\u00e9phet, \u00e9s ekkor csup\u00e1n ellen\u0151riznie kell kor\u00e1bban megadott adatait.<\/p>\n<p>A rendel\u00e9s \u00e1ttekint\u00e9se, elk\u00fcld\u00e9se<\/p>\n<p>A fenti sz\u00f6vegdobozok kit\u00f6lt\u00e9s\u00e9t k\u00f6vet\u0151en k\u00e9rj\u00fck tekintse \u00e1t megrendel\u00e9s\u00e9t \u00e9s adatait, majd v\u00e1lasszon fizet\u00e9si m\u00f3dot (jellemz\u0151en ut\u00e1nv\u00e9tes vagy utal\u00e1sos), pip\u00e1lja ki az \u00c1SZF elfogad\u00e1s\u00e1t, majd a &#8222;Megrendel\u00e9s elk\u00fcld\u00e9se&#8221; gombra kattintva v\u00e9gleges\u00edtheti megrendel\u00e9s\u00e9t.<\/p>\n<p><strong>A rendel\u00e9s v\u00e9gleges\u00edt\u00e9se (aj\u00e1nlatt\u00e9tel)<\/strong><\/p>\n<p>Amennyiben \u00d6n meggy\u0151z\u0151d\u00f6tt arr\u00f3l, hogy a kos\u00e1r tartalma megfelel az \u00d6n \u00e1ltal megrendelni k\u00edv\u00e1nt term\u00e9keknek, valamint az \u00d6n adatai helyesen szerepelnek, \u00fagy a \u201eMegrendel\u00e9s elk\u00fcld\u00e9se\u201d gombra kattintva z\u00e1rhatja le megrendel\u00e9s\u00e9t. A honlapon k\u00f6z\u00f6lt inform\u00e1ci\u00f3k nem min\u0151s\u00fclnek az Elad\u00f3 r\u00e9sz\u00e9r\u0151l szerz\u0151d\u00e9s megk\u00f6t\u00e9s\u00e9re vonatkoz\u00f3 aj\u00e1nlatnak. A jelen \u00c1SZF hat\u00e1lya al\u00e1 tartoz\u00f3 megrendel\u00e9sek eset\u00e9n \u00d6n min\u0151s\u00fcl aj\u00e1nlattev\u0151nek, \u00e9s a szerz\u0151d\u00e9s az \u00d6n \u00e1ltal a honlapon kereszt\u00fcl tett aj\u00e1nlatnak az Elad\u00f3 \u00e1ltal t\u00f6rt\u00e9n\u0151 elfogad\u00e1s\u00e1val j\u00f6n l\u00e9tre a jelen \u00c1SZF rendelkez\u00e9sei szerint<\/p>\n<p>\u00d6n a \u201eMegrendel\u00e9s elk\u00fcld\u00e9se\u201d\u00a0 gomb megnyom\u00e1s\u00e1val kifejezetten tudom\u00e1sul veszi, hogy aj\u00e1nlat\u00e1t megtettnek kell tekinteni, \u00e9s nyilatkozata \u2013 az Elad\u00f3 jelen \u00c1SZF szerinti visszaigazol\u00e1sa eset\u00e9n &#8211; fizet\u00e9si k\u00f6telezetts\u00e9get von maga ut\u00e1n. \u00d6nt az aj\u00e1nlata 48 \u00f3r\u00e1s id\u0151tartamban k\u00f6ti. Amennyiben az \u00d6n aj\u00e1nlat\u00e1t a jelen \u00e1ltal\u00e1nos szerz\u0151d\u00e9si felt\u00e9telek szerint 48 \u00f3r\u00e1n bel\u00fcl nem igazolja vissza az Elad\u00f3, \u00d6n mentes\u00fcl az aj\u00e1nlati k\u00f6t\u00f6tts\u00e9ge al\u00f3l.<\/p>\n<p><strong>Rendel\u00e9s feldolgoz\u00e1sa, a szerz\u0151d\u00e9s l\u00e9trej\u00f6tte<\/strong><\/p>\n<p>A rendel\u00e9sek feldolgoz\u00e1sa k\u00e9t l\u00e9pcs\u0151ben t\u00f6rt\u00e9nik. \u00d6nnek b\u00e1rmilyen id\u0151pontban lehet\u0151s\u00e9ge van a megrendel\u00e9s lead\u00e1s\u00e1ra. A rendel\u00e9sr\u0151l el\u0151sz\u00f6r egy automata visszajelz\u00e9st kap, ami csak annak t\u00e9ny\u00e9t r\u00f6gz\u00edti, hogy az \u00d6n megrendel\u00e9se a honlapon kereszt\u00fcl meg\u00e9rkezett, de ez a visszaigazol\u00e1s nem min\u0151s\u00fcl az \u00d6n aj\u00e1nlata elfogad\u00e1s\u00e1nak. Amennyiben \u00d6n azt \u00e9szleli, hogy az automata visszaigazol\u00f3 e-mail \u00e9rtes\u00edt\u00e9s az \u00d6n adatait t\u00e9vesen tartalmazza (pl. n\u00e9v, sz\u00e1ll\u00edt\u00e1si c\u00edm, telefonsz\u00e1m, stb.), \u00fagy \u00d6n k\u00f6teles ennek t\u00e9ny\u00e9t \u2013 a helyes adatok megad\u00e1s\u00e1val egyidej\u0171leg \u2013 vel\u00fcnk e-mail \u00fatj\u00e1n halad\u00e9ktalanul k\u00f6z\u00f6lni. Amennyiben \u00d6n a megrendel\u00e9s\u00e9t\u0151l sz\u00e1m\u00edtott 24 \u00f3r\u00e1n bel\u00fcl nem kapja meg az automata visszaigazol\u00f3 e-mailt, \u00fagy k\u00e9rj\u00fck, vegye fel vel\u00fcnk a kapcsolatot, mert elk\u00e9pzelhet\u0151, hogy megrendel\u00e9se technikai okok miatt nem \u00e9rkezett meg rendszer\u00fcnkbe.<\/p>\n<p>Az Elad\u00f3 legk\u00e9s\u0151bb az \u00d6n aj\u00e1nlat\u00e1nak elk\u00fcld\u00e9s\u00e9t k\u00f6vet\u0151 3 munkanap sor\u00e1n (banki utal\u00e1s eset\u00e9n csak az utal\u00e1s meg\u00e9rkez\u00e9s\u00e9t k\u00f6vet\u0151en) egy m\u00e1sodik e-mail vagy telefonh\u00edv\u00e1s \u00fatj\u00e1n \u00a0visszaigazolja az \u00d6n aj\u00e1nlat\u00e1t.\u00a0A szerz\u0151d\u00e9s az \u00d6n \u00e1ltal tett aj\u00e1nlatnak az Elad\u00f3 \u00e1ltal t\u00f6rt\u00e9n\u0151 elfogad\u00e1s\u00e1val j\u00f6n l\u00e9tre (m\u00e1sodik visszaigazol\u00e1s).<\/p>\n<h2 class=\"aszf\">100% EL\u00c9GEDETT\u00c9SGI GARANCIA!<\/h2>\n<p>N\u00e1lunk kock\u00e1zatmentesen v\u00e1s\u00e1rolhat! Ha nem tartja megfelel\u0151 min\u0151s\u00e9g\u0171nek borainkat vagy mustjainkat, akkor visszav\u00e1s\u00e1roljuk \u00d6nt\u0151l, forduljon hozz\u00e1nk bizalommal!<\/p>\n<p>A v\u00e1ltoztat\u00e1s jog\u00e1t fenntartjuk!<\/p>\n<p class=\"kozepre\">Megtisztel\u0151 \u00e9rdekl\u0151d\u00e9s\u00e9t el\u0151re is k\u00f6sz\u00f6nj\u00fck!<\/p>\n<p class=\"jobbra\">A H\u00e1rs Pinc\u00e9szet Kft. nev\u00e9ben<br \/>\nH\u00e1rs Tibor \u00e9s H\u00e1rs J\u00f3zsef<\/p>\n","protected":false},"excerpt":{"rendered":"<p class=\"excerpt\">Seg\u00edts\u00e9g a web\u00e1ruh\u00e1zban t\u00f6rt\u00e9n\u0151 v\u00e1s\u00e1rl\u00e1shoz A v\u00e1s\u00e1rl\u00e1s folyamata A Term\u00e9k kiv\u00e1laszt\u00e1sa A honlapon a Web\u00e1ruh\u00e1z vagy Web\u00e1ruh\u00e1z&gt;V\u00e1s\u00e1rl\u00e1s men\u00fcpontra kattintva tal\u00e1lja a term\u00e9keket, majd az ott szerepl\u0151 egyes term\u00e9kekre kattintva tal\u00e1lja a term\u00e9k fot\u00f3j\u00e1t, ismertet\u0151j\u00e9t, \u00e1r\u00e1t. \u00d6nnek v\u00e1s\u00e1rl\u00e1s eset\u00e9n a honlapon szerepl\u0151 \u00e1rat kell megfizetnie. A term\u00e9keket helyenk\u00e9nt illusztr\u00e1lt f\u00e9nyk\u00e9ppel jel\u00f6lt\u00fck. Felh\u00edvjuk figyelm\u00e9t, hogy az esetleges [&hellip;]<\/p>\n","protected":false},"author":1,"featured_media":0,"parent":0,"menu_order":0,"comment_status":"closed","ping_status":"closed","template":"","meta":{"_monsterinsights_skip_tracking":false,"_monsterinsights_sitenote_active":false,"_monsterinsights_sitenote_note":"","_monsterinsights_sitenote_category":0,"footnotes":""},"class_list":["post-308","page","type-page","status-publish","hentry"],"_links":{"self":[{"href":"https:\/\/harspinceszet.hu\/boraszat\/wp-json\/wp\/v2\/pages\/308","targetHints":{"allow":["GET"]}}],"collection":[{"href":"https:\/\/harspinceszet.hu\/boraszat\/wp-json\/wp\/v2\/pages"}],"about":[{"href":"https:\/\/harspinceszet.hu\/boraszat\/wp-json\/wp\/v2\/types\/page"}],"author":[{"embeddable":true,"href":"https:\/\/harspinceszet.hu\/boraszat\/wp-json\/wp\/v2\/users\/1"}],"replies":[{"embeddable":true,"href":"https:\/\/harspinceszet.hu\/boraszat\/wp-json\/wp\/v2\/comments?post=308"}],"version-history":[{"count":2,"href":"https:\/\/harspinceszet.hu\/boraszat\/wp-json\/wp\/v2\/pages\/308\/revisions"}],"predecessor-version":[{"id":413,"href":"https:\/\/harspinceszet.hu\/boraszat\/wp-json\/wp\/v2\/pages\/308\/revisions\/413"}],"wp:attachment":[{"href":"https:\/\/harspinceszet.hu\/boraszat\/wp-json\/wp\/v2\/media?parent=308"}],"curies":[{"name":"wp","href":"https:\/\/api.w.org\/{rel}","templated":true}]}}