{"id":664,"date":"2019-11-16T22:59:42","date_gmt":"2019-11-16T22:59:42","guid":{"rendered":"https:\/\/harspinceszet.hu\/boraszat\/?post_type=product&#038;p=664"},"modified":"2025-07-10T06:56:08","modified_gmt":"2025-07-10T06:56:08","slug":"juhfark","status":"publish","type":"product","link":"https:\/\/harspinceszet.hu\/boraszat\/termek\/juhfark\/","title":{"rendered":"Juhfark"},"content":{"rendered":"<p><span class=\"sectionwine\">Magyar eredet\u0171 fajta, igazi Hungaricum, amely legink\u00e1bb Soml\u00f3i borvid\u00e9khez k\u00f6t\u0151dik, de jellegzetes a Mecsekalj\u00e1n is. Nev\u00e9t hossz\u00fa, s\u0171r\u0171, hengeres f\u00fcrtje ihlette.<\/span><\/p>\n<p>Kem\u00e9ny, karakteres sz\u00e1raz bor, illata el\u00e9g jellegzetes, legink\u00e1bb birsre, csonth\u00e9jas gy\u00fcm\u00f6lcs\u00f6kre hasonl\u00edt. T\u00fczes, f\u00e9rfias ned\u0171, k\u00fcl\u00f6nleges savakkal.<\/p>\n<p>Hal\u00e9telek kit\u0171n\u0151 k\u00eds\u00e9r\u0151je, de ropog\u00f3s savai miatt j\u00f3l illik a zs\u00edrosabb, olajosabb \u00e9telek mell\u00e9 is.<\/p>\n<p>A n\u00e1sz\u00e9jszak\u00e1k bora!<\/p>\n","protected":false},"excerpt":{"rendered":"<p class=\"excerpt\"><span class=\"sectionwine\">Magyar eredet\u0171 fajta, igazi Hungaricum, amely legink\u00e1bb Soml\u00f3i borvid\u00e9khez k\u00f6t\u0151dik, de jellegzetes a Mecsekalj\u00e1n is. Nev\u00e9t hossz\u00fa, s\u0171r\u0171, hengeres f\u00fcrtje ihlette.<\/span><\/p>\n<p class=\"excerpt\">Kem\u00e9ny, karakteres sz\u00e1raz bor, illata el\u00e9g jellegzetes, legink\u00e1bb birsre, csonth\u00e9jas gy\u00fcm\u00f6lcs\u00f6kre hasonl\u00edt. T\u00fczes, f\u00e9rfias ned\u0171, k\u00fcl\u00f6nleges savakkal.<\/p>\n<p class=\"excerpt\">Hal\u00e9telek kit\u0171n\u0151 k\u00eds\u00e9r\u0151je, de ropog\u00f3s savai miatt j\u00f3l illik a zs\u00edrosabb, olajosabb \u00e9telek mell\u00e9 is.<\/p>\n<p class=\"excerpt\">A n\u00e1sz\u00e9jszak\u00e1k bora!<\/p>\n","protected":false},"featured_media":1167,"template":"","meta":{"_monsterinsights_skip_tracking":false,"_monsterinsights_sitenote_active":false,"_monsterinsights_sitenote_note":"","_monsterinsights_sitenote_category":0},"product_brand":[],"product_cat":[21],"product_tag":[],"class_list":{"0":"post-664","1":"product","2":"type-product","3":"status-publish","4":"has-post-thumbnail","6":"product_cat-feherborok","8":"first","9":"instock","10":"taxable","11":"shipping-taxable","12":"purchasable","13":"product-type-simple"},"_links":{"self":[{"href":"https:\/\/harspinceszet.hu\/boraszat\/wp-json\/wp\/v2\/product\/664","targetHints":{"allow":["GET"]}}],"collection":[{"href":"https:\/\/harspinceszet.hu\/boraszat\/wp-json\/wp\/v2\/product"}],"about":[{"href":"https:\/\/harspinceszet.hu\/boraszat\/wp-json\/wp\/v2\/types\/product"}],"wp:featuredmedia":[{"embeddable":true,"href":"https:\/\/harspinceszet.hu\/boraszat\/wp-json\/wp\/v2\/media\/1167"}],"wp:attachment":[{"href":"https:\/\/harspinceszet.hu\/boraszat\/wp-json\/wp\/v2\/media?parent=664"}],"wp:term":[{"taxonomy":"product_brand","embeddable":true,"href":"https:\/\/harspinceszet.hu\/boraszat\/wp-json\/wp\/v2\/product_brand?post=664"},{"taxonomy":"product_cat","embeddable":true,"href":"https:\/\/harspinceszet.hu\/boraszat\/wp-json\/wp\/v2\/product_cat?post=664"},{"taxonomy":"product_tag","embeddable":true,"href":"https:\/\/harspinceszet.hu\/boraszat\/wp-json\/wp\/v2\/product_tag?post=664"}],"curies":[{"name":"wp","href":"https:\/\/api.w.org\/{rel}","templated":true}]}}