{"id":668,"date":"2019-11-25T19:04:38","date_gmt":"2019-11-25T19:04:38","guid":{"rendered":"https:\/\/harspinceszet.hu\/boraszat\/?post_type=product&#038;p=668"},"modified":"2025-07-10T06:55:45","modified_gmt":"2025-07-10T06:55:45","slug":"cirfandli-edes-05l","status":"publish","type":"product","link":"https:\/\/harspinceszet.hu\/boraszat\/termek\/cirfandli-edes-05l\/","title":{"rendered":"Cirfandli (\u00e9des 0,5l)"},"content":{"rendered":"<p>2021 P\u00e9cs V\u00e1ros Topbor<\/p>\n<p>Magyarorsz\u00e1gon csak P\u00e9cs k\u00f6rny\u00e9k\u00e9n tal\u00e1lhat\u00f3, a borvid\u00e9k z\u00e1szl\u00f3s bora. Am\u00edg t\u0151k\u00e9n van ny\u0171g\u00f6s \u00e9s mosolytalan, sok t\u00f6r\u0151d\u00e9st ig\u00e9nyel. Neh\u00e9z termeszteni, ez\u00e9rt kev\u00e9s is van bel\u0151le, de kiv\u00e9teles esztend\u0151kben tokajit k\u00f6rny\u00e9kez\u0151 asz\u00fat aj\u00e1nd\u00e9koz.<\/p>\n<p>Jellegzetesen karakteres \u00edz- \u00e9s illatvil\u00e1g\u00fa, semmi m\u00e1ssal \u00f6ssze nem hasonl\u00edthat\u00f3 bor. Jellemz\u0151je a sz\u00e1raz vir\u00e1gcsokorra \u00e9s aszalv\u00e1ny \u00edzekre eml\u00e9keztet\u0151 illat, benne kajszi, aszalt barack \u00e9s anan\u00e1sz, n\u00e9mi papaya. Gazdag zamatok, di\u00f3s s\u00fcti, m\u00e9zes kr\u00e9mes, birsalmasajt. Hossz\u00fa, tartalmas bor, m\u00e9lt\u00e1n k\u00e9pviseli z\u00e1szl\u00f3shaj\u00f3k\u00e9nt a borvid\u00e9ket.<\/p>\n<p>&nbsp;<\/p>\n<p>&nbsp;<\/p>\n","protected":false},"excerpt":{"rendered":"<p class=\"excerpt\">Magyarorsz\u00e1gon csak P\u00e9cs k\u00f6rny\u00e9k\u00e9n tal\u00e1lhat\u00f3, a borvid\u00e9k z\u00e1szl\u00f3s bora. Am\u00edg t\u0151k\u00e9n van ny\u0171g\u00f6s \u00e9s mosolytalan, sok t\u00f6r\u0151d\u00e9st ig\u00e9nyel. Neh\u00e9z termeszteni, ez\u00e9rt kev\u00e9s is van bel\u0151le, de kiv\u00e9teles esztend\u0151kben tokajit k\u00f6rny\u00e9kez\u0151 asz\u00fat aj\u00e1nd\u00e9koz.<\/p>\n<p class=\"excerpt\">Jellegzetesen karakteres \u00edz- \u00e9s illatvil\u00e1g\u00fa, semmi m\u00e1ssal \u00f6ssze nem hasonl\u00edthat\u00f3 bor. Jellemz\u0151je a sz\u00e1raz vir\u00e1gcsokorra \u00e9s aszalv\u00e1ny \u00edzekre eml\u00e9keztet\u0151 illat, benne kajszi, aszalt barack \u00e9s anan\u00e1sz, n\u00e9mi papaya. Gazdag zamatok, di\u00f3s s\u00fcti, m\u00e9zes kr\u00e9mes, birsalmasajt. Hossz\u00fa, tartalmas bor, m\u00e9lt\u00e1n k\u00e9pviseli z\u00e1szl\u00f3shaj\u00f3k\u00e9nt a borvid\u00e9ket.<\/p>\n<p class=\"excerpt\">2021 P\u00e9cs V\u00e1ros Topbor<\/p>\n<p class=\"excerpt\">&nbsp;<\/p>\n","protected":false},"featured_media":1160,"template":"","meta":{"_monsterinsights_skip_tracking":false,"_monsterinsights_sitenote_active":false,"_monsterinsights_sitenote_note":"","_monsterinsights_sitenote_category":0},"product_brand":[],"product_cat":[21],"product_tag":[],"class_list":{"0":"post-668","1":"product","2":"type-product","3":"status-publish","4":"has-post-thumbnail","6":"product_cat-feherborok","8":"first","9":"instock","10":"taxable","11":"shipping-taxable","12":"purchasable","13":"product-type-simple"},"_links":{"self":[{"href":"https:\/\/harspinceszet.hu\/boraszat\/wp-json\/wp\/v2\/product\/668","targetHints":{"allow":["GET"]}}],"collection":[{"href":"https:\/\/harspinceszet.hu\/boraszat\/wp-json\/wp\/v2\/product"}],"about":[{"href":"https:\/\/harspinceszet.hu\/boraszat\/wp-json\/wp\/v2\/types\/product"}],"wp:featuredmedia":[{"embeddable":true,"href":"https:\/\/harspinceszet.hu\/boraszat\/wp-json\/wp\/v2\/media\/1160"}],"wp:attachment":[{"href":"https:\/\/harspinceszet.hu\/boraszat\/wp-json\/wp\/v2\/media?parent=668"}],"wp:term":[{"taxonomy":"product_brand","embeddable":true,"href":"https:\/\/harspinceszet.hu\/boraszat\/wp-json\/wp\/v2\/product_brand?post=668"},{"taxonomy":"product_cat","embeddable":true,"href":"https:\/\/harspinceszet.hu\/boraszat\/wp-json\/wp\/v2\/product_cat?post=668"},{"taxonomy":"product_tag","embeddable":true,"href":"https:\/\/harspinceszet.hu\/boraszat\/wp-json\/wp\/v2\/product_tag?post=668"}],"curies":[{"name":"wp","href":"https:\/\/api.w.org\/{rel}","templated":true}]}}