{"id":672,"date":"2019-11-25T19:11:45","date_gmt":"2019-11-25T19:11:45","guid":{"rendered":"https:\/\/harspinceszet.hu\/boraszat\/?post_type=product&#038;p=672"},"modified":"2023-12-19T08:31:18","modified_gmt":"2023-12-19T08:31:18","slug":"tilia-cuvee","status":"publish","type":"product","link":"https:\/\/harspinceszet.hu\/boraszat\/termek\/tilia-cuvee\/","title":{"rendered":"Tilia Cuv\u00e9e"},"content":{"rendered":"<p>Gy\u00fcm\u00f6lcs\u00f6s, de m\u00e9gis karakteres v\u00f6r\u00f6sbor h\u00e1zas\u00edt\u00e1s Cabernet Sauvignon-b\u00f3l, Merlot-b\u00f3l \u00e9s Portugieser-b\u0151l.<\/p>\n<p>S\u00f6t\u00e9t v\u00f6r\u00f6s sz\u00edn, sokr\u00e9t\u0171 gy\u00fcm\u00f6lcs\u00f6s, f\u00e1s illatvil\u00e1ggal, sz\u00e1jban izgalmas, kerek, szofisztik\u00e1lt \u00e9s buja, lecseng\u00e9se nagyon hossz\u00fa.<\/p>\n","protected":false},"excerpt":{"rendered":"<p class=\"excerpt\">Gy\u00fcm\u00f6lcs\u00f6s, de m\u00e9gis karakteres v\u00f6r\u00f6sbor h\u00e1zas\u00edt\u00e1s Cabernet Sauvignon-b\u00f3l, Merlot-b\u00f3l \u00e9s Portugieser-b\u0151l.<\/p>\n<p class=\"excerpt\">S\u00f6t\u00e9t v\u00f6r\u00f6s sz\u00edn, sokr\u00e9t\u0171 gy\u00fcm\u00f6lcs\u00f6s, f\u00e1s illatvil\u00e1ggal, sz\u00e1jban izgalmas, kerek, szofisztik\u00e1lt \u00e9s buja, lecseng\u00e9se nagyon hossz\u00fa.<\/p>\n","protected":false},"featured_media":1166,"template":"","meta":{"_monsterinsights_skip_tracking":false,"_monsterinsights_sitenote_active":false,"_monsterinsights_sitenote_note":"","_monsterinsights_sitenote_category":0},"product_brand":[],"product_cat":[22],"product_tag":[],"class_list":{"0":"post-672","1":"product","2":"type-product","3":"status-publish","4":"has-post-thumbnail","6":"product_cat-vorosborok","8":"first","9":"instock","10":"taxable","11":"shipping-taxable","12":"purchasable","13":"product-type-simple"},"_links":{"self":[{"href":"https:\/\/harspinceszet.hu\/boraszat\/wp-json\/wp\/v2\/product\/672","targetHints":{"allow":["GET"]}}],"collection":[{"href":"https:\/\/harspinceszet.hu\/boraszat\/wp-json\/wp\/v2\/product"}],"about":[{"href":"https:\/\/harspinceszet.hu\/boraszat\/wp-json\/wp\/v2\/types\/product"}],"wp:featuredmedia":[{"embeddable":true,"href":"https:\/\/harspinceszet.hu\/boraszat\/wp-json\/wp\/v2\/media\/1166"}],"wp:attachment":[{"href":"https:\/\/harspinceszet.hu\/boraszat\/wp-json\/wp\/v2\/media?parent=672"}],"wp:term":[{"taxonomy":"product_brand","embeddable":true,"href":"https:\/\/harspinceszet.hu\/boraszat\/wp-json\/wp\/v2\/product_brand?post=672"},{"taxonomy":"product_cat","embeddable":true,"href":"https:\/\/harspinceszet.hu\/boraszat\/wp-json\/wp\/v2\/product_cat?post=672"},{"taxonomy":"product_tag","embeddable":true,"href":"https:\/\/harspinceszet.hu\/boraszat\/wp-json\/wp\/v2\/product_tag?post=672"}],"curies":[{"name":"wp","href":"https:\/\/api.w.org\/{rel}","templated":true}]}}